reatest common factor of 18 and y.
18
Suppose 110*g - 51315 + 229 = 28*g. Calculate the highest common divisor of 267 and g.
89
Suppose 144*h - 1354 = -58. Calculate the highest common factor of 753 and h.
3
Let y be (-7100)/(-4) - 0/(6 + -3). Suppose 5*f - 25 = 0, -5*b + 3*f + 415 + y = 0. Suppose 16 + 33 = o. What is the highest common divisor of b and o?
49
Let r = 287 + 18. What is the greatest common divisor of 10 and r?
5
Suppose 3*l - 3022 = -4*j, -3*j + 24*l + 2292 = 22*l. Calculate the highest common factor of j and 228.
76
Let t(x) = 5*x**2 + 5*x + 7. Let y be t(-3). Suppose -5*j - 108 = y. Let l = 76 - j. What is the highest common divisor of l and 21?
21
Let t(l) = l**3 - 83*l**2 - 849*l - 152. Let w be t(93). What is the greatest common factor of 726 and w?
121
Suppose -105646*u + 12015 = -105641*u. What is the greatest common divisor of u and 135?
27
Suppose 8 = -4*u + 4. Let x be 2/u*(-42)/28. Suppose w - 446 = -5*o, -o - x*w + 64 = -14. Calculate the greatest common factor of 36 and o.
18
Suppose 3*z - 714 + 36 = 234. What is the highest common factor of 437 and z?
19
Let n be (-20)/(-70) - 44*5/(-14). Let t(s) = -s**2 + 11*s + 161. Let f be t(n). What is the greatest common divisor of f and 270?
27
Let f = -3870 - -7164. Calculate the greatest common factor of 122 and f.
122
Let f(r) = r**3 + r**2 - 6*r - 6. Let o be f(-3). Let i be 1/2 - 57/o. Suppose 1563 = 12*c + 483. What is the highest common divisor of c and i?
10
Suppose -16*r = 3*r - 1254. Suppose 10*o + o + r = 0. Let s(x) = -5*x - 21. Let h be s(o). What is the highest common divisor of 18 and h?
9
Let w be (0 - 4) + 0 + 7. Suppose -2*o + 2*u - 52 = -140, 140 = w*o - u. Calculate the highest common divisor of 3 and o.
3
Suppose -3*g - b = -3, 7*b + 5 = g + 6*b. Suppose 0 = -0*n - 4*n. Suppose n*t + 78 = g*t. What is the greatest common divisor of t and 39?
39
Let z = 6061 + -4873. Calculate the greatest common factor of 363 and z.
33
Let h = 164 + -363. Let y = h - -368. Let z = 8409 - 8396. Calculate the greatest common factor of z and y.
13
Suppose 6156 = -2*p + 78*p. Let a = 32 + -14. Calculate the greatest common divisor of p and a.
9
Suppose 114*s - 4*y = 115*s - 226, 3*s - 3*y = 573. What is the greatest common divisor of s and 583?
11
Let q be (-21)/(-126) + (-118)/(-12). Calculate the greatest common divisor of q and 476.
2
Suppose -6*k = -6 - 12. Suppose -225 = k*h - 7*h + o, -3*h - 2*o + 177 = 0. Calculate the highest common factor of h and 3.
3
Let d(y) = -6*y**3 + 3*y - 2. Let b be d(-2). Let o(w) = 2*w**2 + 53*w + 36. Let i be o(-26). What is the greatest common divisor of i and b?
10
Let y be 723/(-4) + 45/60. Let j be (214/535)/(((-2)/y)/1). Calculate the highest common divisor of 396 and j.
36
Let r(x) = -x + 21. Let i be r(10). Suppose 0 = 4*a - i + 3. Let p be (6/9)/(((-8)/(-162))/a). Calculate the highest common factor of 81 and p.
27
Suppose 8*z + 3*o - 21 = 7*z, 5*o + 91 = 3*z. Calculate the greatest common divisor of 207 and z.
9
Suppose 2 = -r + 4*o - 12, -4*o = -4*r - 44. Let a be ((r/3)/5)/((-3)/(-81)). Let v be (12/a)/(4/(-174)). What is the greatest common divisor of 145 and v?
29
Suppose -4*r + 3*s = -40356, 5*r - 50445 = -0*r - 8*s. Calculate the greatest common divisor of 19 and r.
19
Let r = 63384 + -63352. Let x = 740 - 452. Calculate the highest common factor of r and x.
32
Let s(k) = 2*k**3 - 53*k**2 - 18*k + 134. Let w be s(32). Calculate the greatest common divisor of 14 and w.
14
Let h be 13/2*((-24)/(-228) - (-444)/114). What is the highest common divisor of 2782 and h?
26
Let y(q) = q**3 + 20*q - 70. Let o be y(7). Let c = o + -245. What is the highest common factor of c and 21?
21
Suppose 38*j + 4027 = 18391. Calculate the highest common divisor of j and 72.
18
Let v = 587 + -287. Let k be 34/51 + 1/(9/v). Calculate the greatest common divisor of 714 and k.
34
Let h = -12327 - -12352. What is the greatest common divisor of 45 and h?
5
Let g(y) be the first derivative of -y**3/3 - 7*y**2/2 + 26*y - 9. Let o be g(-5). Calculate the greatest common factor of 342 and o.
18
Let y(d) = 32*d**3 - 2*d**2 + d. Let a be y(1). Let w = -188 - -870. What is the highest common factor of a and w?
31
Suppose 4951 = -8*t + 5103. Calculate the highest common divisor of t and 58520.
19
Let q be (-1744)/(-1526)*(0 + 35). What is the greatest common divisor of 256 and q?
8
Let r be (0/1 - 1)/((-25)/(5 - -70)). Calculate the highest common factor of r and 219.
3
Let k be (2478/(-118) - 10/(-1)) + 4618. Calculate the greatest common factor of 2439 and k.
271
Let t = 2986 - 2984. Suppose 202 - 694 = -6*z. What is the greatest common divisor of t and z?
2
Let n be 5 + (8 - 8) + -1. Suppose 3*s - 68 = -n*z, -6*s + 34 = 2*z - 11*s. What is the highest common divisor of 1088 and z?
17
Suppose l = 0, 4*d - 2*d = -4*l + 42. Let y = 101 - -311. Let x = 415 - y. Calculate the highest common factor of x and d.
3
Let c(g) = 84*g - 2924. Let w be c(35). Calculate the greatest common factor of 16 and w.
16
Let n = 15682 - 15681. What is the greatest common factor of 1319 and n?
1
Let j = -83 + 88. Suppose 3*k - 2*m - 135 = 88, m + 374 = j*k. Calculate the greatest common factor of 12 and k.
3
Suppose -9*k + 105 - 15 = 0. Let m be k - (-2)/(-1 + (-2)/(-1)). Let n = -67 - -73. What is the highest common factor of n and m?
6
Let r = 4674 + -4647. What is the highest common divisor of r and 57?
3
Let q = -13 + 5. Let f be -2*(-1 + 84/q). Suppose -6 = -3*o, p + 4*o - 27 = 73. Calculate the greatest common factor of p and f.
23
Let a be (534/(-7))/(58/(-2233)). Calculate the highest common divisor of a and 66.
33
Let v(h) = -2*h**2 - 23*h - 24. Let j be v(-10). Let n be 364/j + (-26)/39. Let r be 15/(1 + 0/(-1)). What is the highest common divisor of n and r?
15
Let r(w) = 3*w**3 + 3 + w**3 - 3*w - 3*w**3 - 3*w**2 + 4*w**2. Let t be r(-3). Let h be (3/(-2))/(t/(-12))*-8. What is the greatest common factor of h and 8?
8
Let p = 32 + -30. Let u be 3/(((-33)/(-2))/11). Suppose 3*w - 48 = -2*l, p*l + 98 = 5*l - u*w. What is the highest common factor of 20 and l?
10
Suppose -16*t - 701 = -5165. Suppose 7*i - 1821 - t = 0. Calculate the highest common factor of 120 and i.
60
Let h be 44*-1*((-22 - -2) + (-779)/(-287)*7). Let n = -2 - -6. What is the highest common divisor of n and h?
4
Suppose -4*n - 9 = -n. Let m be (-1 - (-10)/(-5))/(n/25). Let v = m + 2. Calculate the highest common factor of v and 9.
9
Let k(s) = 3*s**2 - 28*s - 29. Let q be k(-1). Let l = -31 + 21. Let w = -5 - l. Calculate the greatest common divisor of w and q.
1
Let a be (-18)/(-11 - (-4753)/434). Calculate the highest common factor of 252 and a.
12
Let p = 4809 - 4669. What is the greatest common divisor of 350 and p?
70
Let j = -9754 + 9803. Let y = 106 - 57. What is the highest common factor of j and y?
49
Let q(g) = 23*g**2 + g. Let d be q(2). Let x = -52 + d. What is the highest common divisor of 21 and x?
21
Let r(x) = 2*x**3 - 2*x**2 + 2*x - 6. Let u be r(3). Let z = -2546 - -2570. Calculate the highest common factor of u and z.
12
Let g(t) = 424*t - 4170. Let s be g(15). What is the highest common factor of s and 150?
30
Let f(r) = -r**2 + 66*r + 598. Let i be f(35). What is the highest common divisor of i and 297?
99
Suppose 171*p = 175*p - 4. Let n be 17 + -17 - (-2 - p). Suppose -2*b + 16 = 2*d, d - 4*b = 40 - 12. What is the greatest common factor of n and d?
3
Suppose 155*u + 63*u = -150*u + 84640. Suppose -j = 3*j - 40. Calculate the greatest common factor of j and u.
10
Let v(j) = 68*j - 747. Let k be v(11). What is the highest common divisor of k and 64?
1
Let d be (1 - -20)*(288/252)/(12/3). What is the greatest common divisor of d and 90?
6
Let l = 22 - 14. Let x(o) = -14*o + 39. Let h be x(6). Let m = h - -101. Calculate the greatest common factor of l and m.
8
Suppose 4*p = -5*i + 2 + 82, 0 = p - 5*i + 4. Let a be 7932/p - 5/(-20). Suppose 10*f - 6*f = a. What is the highest common divisor of 31 and f?
31
Let w = -35 - 62. Let m = 158 - w. Calculate the highest common factor of m and 340.
85
Let x be 19 + -2 - (-1568 + -154). Calculate the highest common factor of x and 259.
37
Let m(t) = -2*t**2 + 9*t + 30. Let d be m(-2). Calculate the highest common divisor of d and 1312.
